{"id":179131,"date":"2024-06-08T11:33:58","date_gmt":"2024-06-08T09:33:58","guid":{"rendered":"https:\/\/www.oliviacentre.com\/event\/concert-at-olivia-garden-wsiasc-do-pociagu-vol-2\/"},"modified":"2025-04-16T10:20:09","modified_gmt":"2025-04-16T08:20:09","slug":"concert-at-olivia-garden-wsiasc-do-pociagu-vol-2","status":"publish","type":"event","link":"https:\/\/www.oliviacentre.com\/en\/event\/concert-at-olivia-garden-wsiasc-do-pociagu-vol-2\/","title":{"rendered":"Concert at Olivia Garden! &#8220;Wsi\u0105\u015b\u0107 do poci\u0105gu. Vol. 2&#8221;"},"content":{"rendered":"","protected":false},"author":3,"featured_media":0,"template":"","meta":{"_acf_changed":false,"kk_blocks_editor_width":"","_kiokenblocks_attr":"","_kiokenblocks_dimensions":"","_links_to":"","_links_to_target":""},"rodzaj":[13,17],"class_list":["post-179131","event","type-event","status-publish","hentry","rodzaj-kultura-sztuka","rodzaj-spolecznosc"],"acf":{"zdjecie":"https:\/\/www.oliviacentre.com\/wp-content\/uploads\/2023\/06\/wsiasc_www.png","data":"22.06.2023","godzina":"19:00","wydarzenie_online":false,"budynek_budynek":"Inne","cena":"0","ilosc_miejsc":"120","wymagane_logowanie":false,"cena_dla_rezydenta":"0","dodatkowy_bilet_dla_rezydenta":"1","maksymalna_ilosc_biletow_platnych":"1","maksymalna_liczba_biletow_dla_rezydentow":"","maksymalna_liczba_biletow_dla_nierezydentow":"","wersja_jezykowa":"PL","regulamin":false,"adres_e-mail":"","miejsca_zarezerwowane_rezydenci":"7","miejsca_zarezerwowanie_nierezydenci\u200b\u200b":"113","galeria_zdjec":false,"aktywnosc":"zakonczona","inne_miejsce":"Olivia Garden","opis":"<p style=\"text-align: center;\"><span style=\"color: #000000; font-size: 14pt;\"><strong style=\"text-align: center;\"><span style=\"color: #4f8f52;\">The Olivia Centre Choir and the Chamber Choir<\/span> invite you, once again, to join us on a musical journey.<br \/>\n<\/strong><strong>This time we see each other (and rock to the rhythm of the hits) <span style=\"color: #4f8f52;\">in Olivia Garden!<\/span><\/strong><\/span><\/p>\n<p>\u00a0<\/p>\n<p>\u00a0<\/p>\n<p style=\"text-align: justify;\">We invite all lovers of beautiful sounds to the next musical event with the participation of the fantastic Olivia Centre Choir! Ahead of us is a concert entitled: &#8220;Get on the train. Vol. 2&#8221;! (the first concert took place in Sopot). In addition to the Olivia Choir conducted by Wiktoria Pagie\u0142a, the amazing Chamber Choir conducted by Ma\u0142gorzata Kuchtyk will perform.<\/p>\n<p>\u00a0<\/p>\n<p style=\"text-align: center;\"><span style=\"font-size: 14pt;\">The concert will take place  <span style=\"color: #4f8f52;\">June 22, 2023 at 19.00<\/span> in <span style=\"color: #4f8f52;\">Olivia Garden (Olivia Star).<\/span><br \/>\nAdmission to the event is free.<br \/>\nRegistration required.<\/span><\/p>\n<p>\u00a0<\/p>\n<p style=\"text-align: justify;\">The repertoire includes well-known and popular pieces from the genre of popular music, sung to the accompaniment of <strong>Adam Pietrzak<\/strong> \u2013 piano \/ keyboard instruments and <strong>Jaros\u0142aw Stokowski<\/strong> \u2013 double bass \/ bass guitar. This train takes you on a journey without a ticket!<\/p>\n<p>\u00a0<\/p>\n<div class=\"xieb3on x1gslohp\">\n<div><span style=\"font-size: 14pt; color: #4f8f52;\"><strong><span class=\"x193iq5w xeuugli x13faqbe x1vvkbs x1xmvt09 x1lliihq x1s928wv xhkezso x1gmr53x x1cpjm7i x1fgarty x1943h6x xudqn12 x676frb x1lkfr7t x1lbecb7 x1s688f xzsf02u\" dir=\"auto\">About the Chamber Choir<\/span><\/strong><\/span><\/div>\n<\/div>\n<div class=\"xat24cr\">\n<div class=\"x13faqbe x78zum5\">\n<div class=\"x9f619 x1n2onr6 x1ja2u2z x78zum5 x1nhvcw1 x1qjc9v5 xozqiw3 x1q0g3np xexx8yu xykv574 xbmpl8g x4cne27 xifccgj xs83m0k\">\n<div class=\"x9f619 x1n2onr6 x1ja2u2z x78zum5 xdt5ytf x193iq5w xeuugli x1r8uery x1iyjqo2 xs83m0k xamitd3 xsyo7zv x16hj40l x10b6aqq x1yrsyyn\">\n<div class=\"xzsf02u x6prxxf xvq8zen x126k92a\" style=\"text-align: justify;\">\n<p><span class=\"x193iq5w xeuugli x13faqbe x1vvkbs x1xmvt09 x1lliihq x1s928wv xhkezso x1gmr53x x1cpjm7i x1fgarty x1943h6x xudqn12 x3x7a5m x6prxxf xvq8zen xo1l8bm xzsf02u\" dir=\"auto\">We are a vocal-instrumental ensemble. We play and sing songs by various authors and in different musical styles &#8211; from gospel to the most popular songs of The Beatles or Stevie Wonder. Our mission is to have fun and infect others with passion and energy. The beginnings of the choir date back to 2007, but we have been singing in the form we have been singing in today since 2009. During this time, we played in various places &#8211; in the Baltic Philharmonic, the community center in Kartuzy, in the Sheraton Hotel, in the Forest Opera, cafes and restaurants. In 2011 we released the album &#8220;Tuesday 17.30&#8221;, which includes m.in. &#8220;A song is good for everything&#8221; Kabaret Starszych Pan\u00f3w or the jazz standard &#8220;On the Sunny Side of the Street&#8221;. In January 2017, the premiere of our latest album &#8220;10\/20&#8221; took place, where we present our arrangements of songs such as &#8220;Sweet dreams&#8221; by Eurythmics or &#8220;Hotel California&#8221; by Eagles.<\/span><\/p>\n<p>\u00a0<\/p>\n<p><span style=\"font-size: 14pt; color: #4f8f52;\"><strong>About the Olivia Centre Choir <\/strong><\/span><\/p>\n<\/div>\n<div style=\"text-align: justify;\">The Olivia Centre Choir under the direction of Wiktoria Pagie\u0142a is a group of people of different ages, representing many organizations. Their love for music brought them together. Currently, the team consists of almost 50 people and brings together representatives of Olivia Centre companies, such as: Pomerania Development Agency, Amazon, Avaus, Bayer, EPAM Systems (Poland) sp. z o.o., Energa from the ORLEN Group, Kitrum, Lyreco, O4 Coworking, PKN Orlen S.A., RICOH Business Services, Skills Group, Winning Moves. The choir&#8217;s repertoire includes mainly popular and classical music, as well as carols and pastorals from different parts of the world. In 2022, the choir released its debut album &#8220;Dobre Tony&#8221;.  <span style=\"color: #3366ff;\"><a style=\"color: #3366ff;\" href=\"https:\/\/open.spotify.com\/artist\/1e6UW51eVub4oY83F9sKLK\" target=\"_blank\" rel=\"noopener\">Listen!<\/a><\/span><\/div>\n<\/div>\n<\/div>\n<\/div>\n<\/div>\n<div><\/div>\n<div><\/div>\n<div><\/div>\n<div class=\"xat24cr\">\n<div class=\"x13faqbe x78zum5\">\n<div class=\"x9f619 x1n2onr6 x1ja2u2z x78zum5 x1nhvcw1 x1qjc9v5 xozqiw3 x1q0g3np xexx8yu xykv574 xbmpl8g x4cne27 xifccgj xs83m0k\">\n<div><\/div>\n<\/div>\n<div><\/div>\n<\/div>\n<\/div>\n","imie_i_nazwisko":"Olivia Centre Choir"},"yoast_head":"<!-- This site is optimized with the Yoast SEO plugin v27.5 - https:\/\/yoast.com\/product\/yoast-seo-wordpress\/ -->\n<title>Concert at Olivia Garden! &quot;Wsi\u0105\u015b\u0107 do poci\u0105gu. Vol. 2&quot; - Olivia Centre<\/title>\n<meta name=\"robots\" content=\"index, follow, max-snippet:-1, max-image-preview:large, max-video-preview:-1\" \/>\n<link rel=\"canonical\" href=\"https:\/\/www.oliviacentre.com\/en\/event\/concert-at-olivia-garden-wsiasc-do-pociagu-vol-2\/\" \/>\n<meta property=\"og:locale\" content=\"en_US\" \/>\n<meta property=\"og:type\" content=\"article\" \/>\n<meta property=\"og:title\" content=\"Concert at Olivia Garden! &quot;Wsi\u0105\u015b\u0107 do poci\u0105gu. Vol. 2&quot; - Olivia Centre\" \/>\n<meta property=\"og:url\" content=\"https:\/\/www.oliviacentre.com\/en\/event\/concert-at-olivia-garden-wsiasc-do-pociagu-vol-2\/\" \/>\n<meta property=\"og:site_name\" content=\"Olivia Centre\" \/>\n<meta property=\"article:publisher\" content=\"https:\/\/www.facebook.com\/oliviabusinesscentre\/\" \/>\n<meta property=\"article:modified_time\" content=\"2025-04-16T08:20:09+00:00\" \/>\n<meta property=\"og:image\" content=\"https:\/\/www.oliviacentre.com\/wp-content\/uploads\/2023\/06\/muzyka.png\" \/>\n<meta name=\"twitter:card\" content=\"summary_large_image\" \/>\n<meta name=\"twitter:site\" content=\"@oliviabusiness\" \/>\n<script type=\"application\/ld+json\" class=\"yoast-schema-graph\">{\"@context\":\"https:\\\/\\\/schema.org\",\"@graph\":[{\"@type\":\"WebPage\",\"@id\":\"https:\\\/\\\/www.oliviacentre.com\\\/en\\\/event\\\/concert-at-olivia-garden-wsiasc-do-pociagu-vol-2\\\/\",\"url\":\"https:\\\/\\\/www.oliviacentre.com\\\/en\\\/event\\\/concert-at-olivia-garden-wsiasc-do-pociagu-vol-2\\\/\",\"name\":\"Concert at Olivia Garden! \\\"Wsi\u0105\u015b\u0107 do poci\u0105gu. Vol. 2\\\" - Olivia Centre\",\"isPartOf\":{\"@id\":\"https:\\\/\\\/www.oliviacentre.com\\\/#website\"},\"datePublished\":\"2024-06-08T09:33:58+00:00\",\"dateModified\":\"2025-04-16T08:20:09+00:00\",\"breadcrumb\":{\"@id\":\"https:\\\/\\\/www.oliviacentre.com\\\/en\\\/event\\\/concert-at-olivia-garden-wsiasc-do-pociagu-vol-2\\\/#breadcrumb\"},\"inLanguage\":\"en-US\",\"potentialAction\":[{\"@type\":\"ReadAction\",\"target\":[\"https:\\\/\\\/www.oliviacentre.com\\\/en\\\/event\\\/concert-at-olivia-garden-wsiasc-do-pociagu-vol-2\\\/\"]}]},{\"@type\":\"BreadcrumbList\",\"@id\":\"https:\\\/\\\/www.oliviacentre.com\\\/en\\\/event\\\/concert-at-olivia-garden-wsiasc-do-pociagu-vol-2\\\/#breadcrumb\",\"itemListElement\":[{\"@type\":\"ListItem\",\"position\":1,\"name\":\"Strona g\u0142\u00f3wna\",\"item\":\"https:\\\/\\\/www.oliviacentre.com\\\/en\\\/\"},{\"@type\":\"ListItem\",\"position\":2,\"name\":\"Concert at Olivia Garden! &#8220;Wsi\u0105\u015b\u0107 do poci\u0105gu. Vol. 2&#8221;\"}]},{\"@type\":\"WebSite\",\"@id\":\"https:\\\/\\\/www.oliviacentre.com\\\/#website\",\"url\":\"https:\\\/\\\/www.oliviacentre.com\\\/\",\"name\":\"Olivia Centre\",\"description\":\"wi\u0119cej ni\u017c biznes\",\"potentialAction\":[{\"@type\":\"SearchAction\",\"target\":{\"@type\":\"EntryPoint\",\"urlTemplate\":\"https:\\\/\\\/www.oliviacentre.com\\\/?s={search_term_string}\"},\"query-input\":{\"@type\":\"PropertyValueSpecification\",\"valueRequired\":true,\"valueName\":\"search_term_string\"}}],\"inLanguage\":\"en-US\"}]}<\/script>\n<!-- \/ Yoast SEO plugin. -->","yoast_head_json":{"title":"Concert at Olivia Garden! \"Wsi\u0105\u015b\u0107 do poci\u0105gu. Vol. 2\" - Olivia Centre","robots":{"index":"index","follow":"follow","max-snippet":"max-snippet:-1","max-image-preview":"max-image-preview:large","max-video-preview":"max-video-preview:-1"},"canonical":"https:\/\/www.oliviacentre.com\/en\/event\/concert-at-olivia-garden-wsiasc-do-pociagu-vol-2\/","og_locale":"en_US","og_type":"article","og_title":"Concert at Olivia Garden! \"Wsi\u0105\u015b\u0107 do poci\u0105gu. Vol. 2\" - Olivia Centre","og_url":"https:\/\/www.oliviacentre.com\/en\/event\/concert-at-olivia-garden-wsiasc-do-pociagu-vol-2\/","og_site_name":"Olivia Centre","article_publisher":"https:\/\/www.facebook.com\/oliviabusinesscentre\/","article_modified_time":"2025-04-16T08:20:09+00:00","og_image":[{"url":"https:\/\/www.oliviacentre.com\/wp-content\/uploads\/2023\/06\/muzyka.png","type":"","width":"","height":""}],"twitter_card":"summary_large_image","twitter_site":"@oliviabusiness","schema":{"@context":"https:\/\/schema.org","@graph":[{"@type":"WebPage","@id":"https:\/\/www.oliviacentre.com\/en\/event\/concert-at-olivia-garden-wsiasc-do-pociagu-vol-2\/","url":"https:\/\/www.oliviacentre.com\/en\/event\/concert-at-olivia-garden-wsiasc-do-pociagu-vol-2\/","name":"Concert at Olivia Garden! \"Wsi\u0105\u015b\u0107 do poci\u0105gu. Vol. 2\" - Olivia Centre","isPartOf":{"@id":"https:\/\/www.oliviacentre.com\/#website"},"datePublished":"2024-06-08T09:33:58+00:00","dateModified":"2025-04-16T08:20:09+00:00","breadcrumb":{"@id":"https:\/\/www.oliviacentre.com\/en\/event\/concert-at-olivia-garden-wsiasc-do-pociagu-vol-2\/#breadcrumb"},"inLanguage":"en-US","potentialAction":[{"@type":"ReadAction","target":["https:\/\/www.oliviacentre.com\/en\/event\/concert-at-olivia-garden-wsiasc-do-pociagu-vol-2\/"]}]},{"@type":"BreadcrumbList","@id":"https:\/\/www.oliviacentre.com\/en\/event\/concert-at-olivia-garden-wsiasc-do-pociagu-vol-2\/#breadcrumb","itemListElement":[{"@type":"ListItem","position":1,"name":"Strona g\u0142\u00f3wna","item":"https:\/\/www.oliviacentre.com\/en\/"},{"@type":"ListItem","position":2,"name":"Concert at Olivia Garden! &#8220;Wsi\u0105\u015b\u0107 do poci\u0105gu. Vol. 2&#8221;"}]},{"@type":"WebSite","@id":"https:\/\/www.oliviacentre.com\/#website","url":"https:\/\/www.oliviacentre.com\/","name":"Olivia Centre","description":"wi\u0119cej ni\u017c biznes","potentialAction":[{"@type":"SearchAction","target":{"@type":"EntryPoint","urlTemplate":"https:\/\/www.oliviacentre.com\/?s={search_term_string}"},"query-input":{"@type":"PropertyValueSpecification","valueRequired":true,"valueName":"search_term_string"}}],"inLanguage":"en-US"}]}},"_links":{"self":[{"href":"https:\/\/www.oliviacentre.com\/en\/wp-json\/wp\/v2\/event\/179131","targetHints":{"allow":["GET"]}}],"collection":[{"href":"https:\/\/www.oliviacentre.com\/en\/wp-json\/wp\/v2\/event"}],"about":[{"href":"https:\/\/www.oliviacentre.com\/en\/wp-json\/wp\/v2\/types\/event"}],"author":[{"embeddable":true,"href":"https:\/\/www.oliviacentre.com\/en\/wp-json\/wp\/v2\/users\/3"}],"wp:attachment":[{"href":"https:\/\/www.oliviacentre.com\/en\/wp-json\/wp\/v2\/media?parent=179131"}],"wp:term":[{"taxonomy":"rodzaj","embeddable":true,"href":"https:\/\/www.oliviacentre.com\/en\/wp-json\/wp\/v2\/rodzaj?post=179131"}],"curies":[{"name":"wp","href":"https:\/\/api.w.org\/{rel}","templated":true}]}}

Concert at Olivia Garden! &#8220;Wsiąść do pociągu. Vol. 2&#8221;

<p style="text-align: center;"><span style="color: #000000; font-size: 14pt;"><strong style="text-align: center;"><span style="color: #4f8f52;">The Olivia Centre Choir and the Chamber Choir</span> invite you, once again, to join us on a musical journey.<br />
</strong><strong>This time we see each other (and rock to the rhythm of the hits) <span style="color: #4f8f52;">in Olivia Garden!</span></strong></span></p>
<p> </p>
<p> </p>
<p style="text-align: justify;">We invite all lovers of beautiful sounds to the next musical event with the participation of the fantastic Olivia Centre Choir! Ahead of us is a concert entitled: &#8220;Get on the train. Vol. 2&#8221;! (the first concert took place in Sopot). In addition to the Olivia Choir conducted by Wiktoria Pagieła, the amazing Chamber Choir conducted by Małgorzata Kuchtyk will perform.</p>
<p> </p>
<p style="text-align: center;"><span style="font-size: 14pt;">The concert will take place  <span style="color: #4f8f52;">June 22, 2023 at 19.00</span> in <span style="color: #4f8f52;">Olivia Garden (Olivia Star).</span><br />
Admission to the event is free.<br />
Registration required.</span></p>
<p> </p>
<p style="text-align: justify;">The repertoire includes well-known and popular pieces from the genre of popular music, sung to the accompaniment of <strong>Adam Pietrzak</strong> – piano / keyboard instruments and <strong>Jarosław Stokowski</strong> – double bass / bass guitar. This train takes you on a journey without a ticket!</p>
<p> </p>
<div class="xieb3on x1gslohp">
<div><span style="font-size: 14pt; color: #4f8f52;"><strong><span class="x193iq5w xeuugli x13faqbe x1vvkbs x1xmvt09 x1lliihq x1s928wv xhkezso x1gmr53x x1cpjm7i x1fgarty x1943h6x xudqn12 x676frb x1lkfr7t x1lbecb7 x1s688f xzsf02u" dir="auto">About the Chamber Choir</span></strong></span></div>
</div>
<div class="xat24cr">
<div class="x13faqbe x78zum5">
<div class="x9f619 x1n2onr6 x1ja2u2z x78zum5 x1nhvcw1 x1qjc9v5 xozqiw3 x1q0g3np xexx8yu xykv574 xbmpl8g x4cne27 xifccgj xs83m0k">
<div class="x9f619 x1n2onr6 x1ja2u2z x78zum5 xdt5ytf x193iq5w xeuugli x1r8uery x1iyjqo2 xs83m0k xamitd3 xsyo7zv x16hj40l x10b6aqq x1yrsyyn">
<div class="xzsf02u x6prxxf xvq8zen x126k92a" style="text-align: justify;">
<p><span class="x193iq5w xeuugli x13faqbe x1vvkbs x1xmvt09 x1lliihq x1s928wv xhkezso x1gmr53x x1cpjm7i x1fgarty x1943h6x xudqn12 x3x7a5m x6prxxf xvq8zen xo1l8bm xzsf02u" dir="auto">We are a vocal-instrumental ensemble. We play and sing songs by various authors and in different musical styles &#8211; from gospel to the most popular songs of The Beatles or Stevie Wonder. Our mission is to have fun and infect others with passion and energy. The beginnings of the choir date back to 2007, but we have been singing in the form we have been singing in today since 2009. During this time, we played in various places &#8211; in the Baltic Philharmonic, the community center in Kartuzy, in the Sheraton Hotel, in the Forest Opera, cafes and restaurants. In 2011 we released the album &#8220;Tuesday 17.30&#8221;, which includes m.in. &#8220;A song is good for everything&#8221; Kabaret Starszych Panów or the jazz standard &#8220;On the Sunny Side of the Street&#8221;. In January 2017, the premiere of our latest album &#8220;10/20&#8221; took place, where we present our arrangements of songs such as &#8220;Sweet dreams&#8221; by Eurythmics or &#8220;Hotel California&#8221; by Eagles.</span></p>
<p> </p>
<p><span style="font-size: 14pt; color: #4f8f52;"><strong>About the Olivia Centre Choir </strong></span></p>
</div>
<div style="text-align: justify;">The Olivia Centre Choir under the direction of Wiktoria Pagieła is a group of people of different ages, representing many organizations. Their love for music brought them together. Currently, the team consists of almost 50 people and brings together representatives of Olivia Centre companies, such as: Pomerania Development Agency, Amazon, Avaus, Bayer, EPAM Systems (Poland) sp. z o.o., Energa from the ORLEN Group, Kitrum, Lyreco, O4 Coworking, PKN Orlen S.A., RICOH Business Services, Skills Group, Winning Moves. The choir&#8217;s repertoire includes mainly popular and classical music, as well as carols and pastorals from different parts of the world. In 2022, the choir released its debut album &#8220;Dobre Tony&#8221;.  <span style="color: #3366ff;"><a style="color: #3366ff;" href="https://open.spotify.com/artist/1e6UW51eVub4oY83F9sKLK" target="_blank" rel="noopener">Listen!</a></span></div>
</div>
</div>
</div>
</div>
<div></div>
<div></div>
<div></div>
<div class="xat24cr">
<div class="x13faqbe x78zum5">
<div class="x9f619 x1n2onr6 x1ja2u2z x78zum5 x1nhvcw1 x1qjc9v5 xozqiw3 x1q0g3np xexx8yu xykv574 xbmpl8g x4cne27 xifccgj xs83m0k">
<div></div>
</div>
<div></div>
</div>
</div>

<!-- This site is optimized with the Yoast SEO plugin v27.5 - https://yoast.com/product/yoast-seo-wordpress/ -->
<title>Concert at Olivia Garden! &quot;Wsiąść do pociągu. Vol. 2&quot; - Olivia Centre</title>
<meta name="robots" content="index, follow, max-snippet:-1, max-image-preview:large, max-video-preview:-1" />
<link rel="canonical" href="https://www.oliviacentre.com/en/event/concert-at-olivia-garden-wsiasc-do-pociagu-vol-2/" />
<meta property="og:locale" content="en_US" />
<meta property="og:type" content="article" />
<meta property="og:title" content="Concert at Olivia Garden! &quot;Wsiąść do pociągu. Vol. 2&quot; - Olivia Centre" />
<meta property="og:url" content="https://www.oliviacentre.com/en/event/concert-at-olivia-garden-wsiasc-do-pociagu-vol-2/" />
<meta property="og:site_name" content="Olivia Centre" />
<meta property="article:publisher" content="https://www.facebook.com/oliviabusinesscentre/" />
<meta property="article:modified_time" content="2025-04-16T08:20:09+00:00" />
<meta property="og:image" content="https://www.oliviacentre.com/wp-content/uploads/2023/06/muzyka.png" />
<meta name="twitter:card" content="summary_large_image" />
<meta name="twitter:site" content="@oliviabusiness" />
<script type="application/ld+json" class="yoast-schema-graph">{"@context":"https:\/\/schema.org","@graph":[{"@type":"WebPage","@id":"https:\/\/www.oliviacentre.com\/en\/event\/concert-at-olivia-garden-wsiasc-do-pociagu-vol-2\/","url":"https:\/\/www.oliviacentre.com\/en\/event\/concert-at-olivia-garden-wsiasc-do-pociagu-vol-2\/","name":"Concert at Olivia Garden! \"Wsiąść do pociągu. Vol. 2\" - Olivia Centre","isPartOf":{"@id":"https:\/\/www.oliviacentre.com\/#website"},"datePublished":"2024-06-08T09:33:58+00:00","dateModified":"2025-04-16T08:20:09+00:00","breadcrumb":{"@id":"https:\/\/www.oliviacentre.com\/en\/event\/concert-at-olivia-garden-wsiasc-do-pociagu-vol-2\/#breadcrumb"},"inLanguage":"en-US","potentialAction":[{"@type":"ReadAction","target":["https:\/\/www.oliviacentre.com\/en\/event\/concert-at-olivia-garden-wsiasc-do-pociagu-vol-2\/"]}]},{"@type":"BreadcrumbList","@id":"https:\/\/www.oliviacentre.com\/en\/event\/concert-at-olivia-garden-wsiasc-do-pociagu-vol-2\/#breadcrumb","itemListElement":[{"@type":"ListItem","position":1,"name":"Strona główna","item":"https:\/\/www.oliviacentre.com\/en\/"},{"@type":"ListItem","position":2,"name":"Concert at Olivia Garden! &#8220;Wsiąść do pociągu. Vol. 2&#8221;"}]},{"@type":"WebSite","@id":"https:\/\/www.oliviacentre.com\/#website","url":"https:\/\/www.oliviacentre.com\/","name":"Olivia Centre","description":"więcej niż biznes","potentialAction":[{"@type":"SearchAction","target":{"@type":"EntryPoint","urlTemplate":"https:\/\/www.oliviacentre.com\/?s={search_term_string}"},"query-input":{"@type":"PropertyValueSpecification","valueRequired":true,"valueName":"search_term_string"}}],"inLanguage":"en-US"}]}</script>
<!-- / Yoast SEO plugin. -->

Concert at Olivia Garden! "Wsiąść do pociągu. Vol. 2" - Olivia Centre

Strona główna

więcej niż biznes
